omposite number?
False
Let d(m) = -91*m**3 - 6*m**2 - 27*m + 5. Is d(-8) a composite number?
True
Suppose -5*b - 3087 = -4*c, 599 = c - 4*b - 181. Suppose -6*x + c = -2106. Is x a prime number?
True
Suppose 6*b - 5*b = -5*o + 1635, 0 = 5*b + o - 8271. Is b a prime number?
False
Let s(p) = -2052*p - 343. Is s(-11) a composite number?
False
Is (-103)/(-3)*111 - 0 composite?
True
Suppose 3*b + 2*a - 513 = -2*b, 5*a = 2*b - 211. Suppose c - 318 = -b. Suppose -c - 590 = -5*q. Is q composite?
True
Suppose 0 = -106*p + 92*p + 6244. Is p a composite number?
True
Let u = -391 + 1013. Let r = u + 1669. Is r prime?
False
Suppose 2*b + 136 = k, 5*k - 3*b + 4*b = 658. Suppose -5*v + k = -2958. Suppose -3*s = -v - 783. Is s prime?
True
Let s(c) = c**2 + 28*c + 31. Let w be s(-27). Suppose -w*x + 0*x = -2140. Is x composite?
True
Let d be 6/(-15) + (-68)/(-20). Suppose 0 = -d*a + 7 + 5. Is 4092/8 + a/(-8) a composite number?
True
Let p(k) be the third derivative of -k**6/120 + k**5/60 + 869*k**3/6 + 12*k**2. Is p(0) a composite number?
True
Suppose 458 + 10 = 3*a. Let s = 561 - 358. Let z = s + a. Is z a prime number?
True
Is (((6 - 0) + 53620)/2)/1 composite?
False
Let j(h) = 3268*h + 661. Is j(19) prime?
True
Suppose 10*q - 13*q + 504 = 0. Let j = 295 - q. Is j a composite number?
False
Let k(m) = -4*m**2 - m + 4. Let a be k(-3). Let w = -26 - a. Suppose w*t - 448 = 638. Is t a prime number?
False
Suppose 67*o = 65*o + 9794. Is o prime?
False
Suppose 0 = 16*r + 621957 - 67605. Is r/(-27) - (80/(-45) - -2) prime?
True
Suppose o - 5*f = 746, -2*f + 7*f - 2984 = -4*o. Let m be ((-42)/(-28))/(3/o). Suppose -2*j + m = x - 7*j, -x + 2*j = -361. Is x a composite number?
False
Suppose 486 + 24 = -5*s. Is -4*(s/4 + 2) a prime number?
False
Let n(d) = -61 + 61 + 276*d. Let s be n(-2). Let h = s - -787. Is h a prime number?
False
Suppose -g + 8 = 4, -2*d + 5*g + 218 = 0. Let r be d/(2 + (-4)/4). Suppose 0 = 9*c - 8*c - r. Is c a prime number?
False
Let f = 3080 + -2031. Is f composite?
False
Let a(b) = 489*b**2 + 20*b + 9. Is a(-4) prime?
True
Let c(s) = s**3 + 10*s**2 - 15*s + 29. Is c(-10) a prime number?
True
Suppose 4*g + 3*c = 25059 + 38920, g - 16006 = -3*c. Is g a composite number?
False
Suppose 0 = -2*i + 3*s + 6236, -5*s = 4*i - 3*s - 12440. Suppose 5*h = -25, i = p - 3*h + 2*h. Is p composite?
True
Let l(n) = 117*n**2 - 8*n + 5. Let h be l(5). Suppose 3*w - 1193 = h. Is w a prime number?
True
Let t(a) = -a**3 - 2*a**2 + 2*a. Let z be t(2). Let s(l) = 11*l**3 + 3*l**2 + 5*l - 5. Let v be s(2). Is (z/30)/((-3)/v) composite?
True
Suppose 4*d - 4*f = -0*f, f = 5*d - 8. Is ((-3273)/6 + d)*(-1 + -1) prime?
True
Suppose 5*g - 4*p - 40 = 0, g - 2*p - p - 8 = 0. Is (g - -1110) + -1 + -3 + 1 a composite number?
True
Is (1062/36)/(1/10) composite?
True
Suppose -4*y = -5*t - 5*y + 55913, -y = 2. Is t a prime number?
False
Let k = -750 + 1537. Is k prime?
True
Let f be (-2 - (1 - 3)) + 2. Suppose 0 = 3*k - f*k - 1049. Is k a composite number?
False
Let v = -1901 + 1305. Let k = -265 - v. Is k a composite number?
False
Suppose 4*a + 3*y - 8*y = 12376, 3*y - 15433 = -5*a. Is a a composite number?
False
Suppose -13*a - 1979 = 1947. Let k = a + 855. Is k a composite number?
True
Suppose -139820 + 32212 = -4*s + i, -4*i = -3*s + 80693. Is s prime?
True
Let g = -11 + 2. Let r(i) = -4*i + 21. Let p be r(g). Is 0 - ((-6)/3 - p) composite?
False
Suppose 0 = 3*d - 431 - 40. Let x = d + -44. Is x composite?
False
Let w = -7 + 11. Let l = -112 + 303. Suppose -w*v = l - 2355. Is v prime?
True
Suppose -2*z + 3*z - 13523 = 0. Suppose -n + 2605 = -5*u - 87, -5*n = -4*u - z. Is n a prime number?
True
Let r(g) = -g**2 - 44*g + g**3 + 7*g**3 - 9 + 51*g. Let f be r(5). Suppose 5*x = 4*u - f, 0*x = 2*u - x - 505. Is u prime?
False
Is (-3)/(-39) - 2688818/(-143) a prime number?
True
Is (-20)/((-25)/5) + (0 - -36625) prime?
True
Let i be (0 - -1) + 77 + 20. Let w = -9 + i. Is w prime?
True
Let d = -129 - -1006. Is d prime?
True
Let w = -6 - -5. Let i = -86 + w. Let y = 434 + i. Is y prime?
True
Suppose -4*g = -3*n - 5*g + 23486, -3*n + 23501 = 4*g. Is n a prime number?
False
Suppose 0 = 4*o - 4*a - 16, 0*o = -2*o - 5*a + 22. Suppose -5*h = o*h - 3014. Is h composite?
True
Let o be 3/(-2 + (0 - -3)). Let s(z) = 71*z + 4. Is s(o) a prime number?
False
Suppose -6970 = 22*k - 32*k. Is k a prime number?
False
Suppose 0 = j - 6*j. Suppose -5*o - 622 = -3*d, o + 6*d - d + 130 = j. Is 3 - 2 - (o + -1) prime?
True
Let i be (-4)/(-3) - (5815/15)/(-1). Let d be -2 + -1 - -5 - -206. Suppose d = 3*v - i. Is v prime?
True
Suppose 0 = 5*w, -4*w + 26 - 6 = -2*u. Is (-1568)/u - (-3)/15 a composite number?
False
Suppose 0 = -7*q + 5*q. Suppose q*n + 4*n = -8. Is ((-2930)/20)/(1/n) a prime number?
True
Is 77/(56/8)*(-877)/(-1) a composite number?
True
Suppose -5*y + 2530 = -0*y. Suppose -o - 1253 = -5*t + o, 4*o - y = -2*t. Is t composite?
False
Suppose -33*x = -23*x - 21270. Is x a composite number?
True
Suppose 131*a - 133*a + 103498 = 0. Is a a prime number?
True
Suppose 0 = -26*n + 37809 + 135793. Is n a prime number?
False
Is 10135*(-27)/18*8/(-20) composite?
True
Let j be (4 - 8) + -222 + -1. Is j/(-2) - 2/4 composite?
False
Suppose 5*c - 10239 = -u - 2*u, 5*u = 3*c + 17065. Is u prime?
True
Let u(q) = 67*q + 0 + 2 - 264*q. Let y be (3*4/(-6))/2. Is u(y) composite?
False
Suppose 3*o - 4*x - 21084 = 0, 3*o + 2*x - 32734 = -11650. Suppose -11*p + 15*p = o. Is p a prime number?
False
Let q be ((-16)/10)/(12/(-30)). Suppose -3*z - 2*z - 3*v + 38 = 0, 0 = q*z - 4*v - 24. Is 2/(-14) + 890/z composite?
False
Let v(p) be the second derivative of p**6/360 - p**5/30 - p**4/24 - p**3/2 - 5*p. Let u(w) be the second derivative of v(w). Is u(8) a composite number?
False
Let o(n) = 7*n**2 + 11*n + 14. Let k be o(-6). Let x = 1179 - k. Is x a composite number?
True
Let r be (-24)/(-2)*(7 - -87). Suppose -r = -4*m - 5*z + 1175, -3*m = 3*z - 1728. Is m a prime number?
True
Let l = 639 - -600. Suppose -263 = -z + 3*t, 5*z = -3*t - t + l. Is z a composite number?
False
Let d = -5 + 14. Suppose 39 = 6*x + d. Suppose k + 262 = 3*w, -w + 0*k = -x*k - 64. Is w a prime number?
True
Let y(n) = n**2 + 8*n + 2. Let r be y(-9). Let w = r + -1. Suppose v + 3 = w. Is v a prime number?
True
Suppose -2*h - 12*h = -80822. Is h a prime number?
False
Suppose -3*s - 515 - 592 = -3*x, 3*s - 2*x + 1102 = 0. Is 1/(1*(-4)/s) a composite number?
True
Let h = 384 - 122. Suppose -4*o = -h + 26. Is o prime?
True
Let i = 175 + -89. Let z = 96 - 143. Let s = i + z. Is s a composite number?
True
Let n = 1390 + -413. Is n prime?
True
Let w = -3 - -5. Let d(q) = 11*q + 0*q**2 - 10 - q**w + 3. Is d(5) prime?
True
Let r = -71 + 104. Is 1689/r - 2/11 composite?
True
Is 1 - (-4 - 32*200/2) a prime number?
False
Suppose 0 = x + 4, -t - x = -4*x - 12. Suppose -5*n = k + 3*k - 29, t = -5*n + k + 49. Let d = 62 - n. Is d a composite number?
False
Let w be 46/(-1)*1/(-1). Let o = w + -27. Is o composite?
False
Suppose 8574 - 2544 = 3*n + 4*w, 0 = 4*w. Let y = -1379 + n. Is y prime?
True
Let b(p) be the third derivative of 0 - 7/6*p**3 + 1/30*p**5 + 0*p + 1/12*p**4 + 4*p**2. Is b(-6) a prime number?
True
Suppose 29*n - 14619 = 26*n. Is n composite?
True
Let j(l) be the third derivative of l**6/120 - 7*l**5/60 - 3*l**4/4 + 11*l**3/3 - 9*l**2. Is j(9) prime?
False
Let h(m) = -m**2 + 14*m - 3. Let c be h(10). Let r = 70 - c. Let x = r + 520. Is x a composite number?
True
Let q(l) = -l**3 - 47*l**2 + 94*l - 29. Is q(-51) composite?
False
Suppose -2*j - 95 = j + 2*n, -4*j = -3*n + 138. Let p be (-6)/j + 20/11. Suppose -m + 251 = 4*y, p*y + 1038 = 4*m + y. Is m prime?
False
Let w(m) be the first derivative of -m**5/60 - m**4/24 - 3*m**3 + 9. Let l(t) be the third derivative of w(t). Is l(-6) a prime number?
True
Let a = 56 + -51. Suppose -a*z - 36 + 1301 = 0. Is z composite?
True
Let i(s) = 372*s**2 - 5*s - 4. Let y be (-2)/(-14) + (-24)/21*1. Is i(y) a composite number?
False
Suppose -3*d + 35957 = -i, -6533 = -2*d + 2*i + 17433. Is d a prime number?
True
Suppose 0 = -0*s + s - 100. Let z = s - 160. Is (-1 - z)*(-1 - -2) composite?
False
Let i be -35*(2 + 26/(-10)). Let m be (-3032)/(-6)*i/14. Suppose -d = d - m. Is d a composite number?
False
Suppose -3*m - 15 =